ase 6) in base 8?
5
Convert 0 (base 12) to base 2.
0
Convert 214 (base 9) to base 3.
20111
What is 38 (base 10) in base 9?
42
221 (base 3) to base 9
27
-112 (base 5) to base 9
-35
Convert 1020 (base 3) to base 13.
27
What is 0 (base 13) in base 10?
0
-4 (base 8) to base 13
-4
What is -40 (base 12) in base 9?
-53
24 (base 8) to base 15
15
1022 (base 3) to base 9
38
What is 6 (base 13) in base 6?
10
26 (base 7) to base 13
17
What is 17 (base 16) in base 10?
23
What is 2 (base 3) in base 10?
2
2 (base 11) to base 10
2
Convert -40 (base 13) to base 3.
-1221
What is -33 (base 5) in base 16?
-12
Convert -100 (base 4) to base 16.
-10
What is 120 (base 7) in base 16?
3f
3 (base 15) to base 13
3
What is 432 (base 7) in base 15?
e9
Convert -6 (base 7) to base 8.
-6
What is 3 (base 7) in base 12?
3
What is -12012 (base 3) in base 14?
-a0
Convert -84 (base 10) to base 11.
-77
-2 (base 8) to base 10
-2
110001 (base 2) to base 16
31
9 (base 15) to base 11
9
What is -43 (base 5) in base 15?
-18
What is 12 (base 12) in base 6?
22
-99 (base 16) to base 7
-306
-3 (base 4) to base 5
-3
3 (base 9) to base 7
3
Convert 103 (base 8) to base 11.
61
3 (base 11) to base 2
11
2 (base 7) to base 9
2
-2 (base 6) to base 2
-10
What is 5 (base 13) in base 14?
5
31 (base 4) to base 9
14
Convert -a (base 15) to base 7.
-13
aa (base 15) to base 11
136
What is 25 (base 6) in base 13?
14
Convert 3 (base 11) to base 2.
11
Convert 226 (base 8) to base 14.
aa
Convert 557 (base 8) to base 12.
267
What is 40 (base 7) in base 16?
1c
What is 13 (base 6) in base 10?
9
What is -33 (base 8) in base 9?
-30
Convert -27 (base 16) to base 5.
-124
What is -6 (base 16) in base 8?
-6
What is 28 (base 12) in base 10?
32
Convert 4 (base 13) to base 14.
4
Convert -10200 (base 3) to base 6.
-243
Convert 1132 (base 4) to base 10.
94
-3 (base 8) to base 13
-3
Convert -466 (base 8) to base 10.
-310
3 (base 16) to base 11
3
-1001 (base 2) to base 16
-9
-2 (base 16) to base 10
-2
Convert a6 (base 15) to base 3.
12210
Convert -10 (base 7) to base 6.
-11
-31 (base 7) to base 14
-18
What is -126 (base 16) in base 5?
-2134
Convert 10 (base 5) to base 14.
5
-21 (base 3) to base 11
-7
47 (base 16) to base 5
241
10000010 (base 2) to base 16
82
-341 (base 9) to base 12
-1b4
Convert -5 (base 10) to base 11.
-5
-40 (base 7) to base 3
-1001
What is 27 (base 9) in base 15?
1a
-7 (base 12) to base 4
-13
What is 11 (base 6) in base 8?
7
What is -3 (base 4) in base 5?
-3
What is 25 (base 9) in base 10?
23
-57 (base 12) to base 10
-67
3a (base 13) to base 8
61
What is -9 (base 15) in base 10?
-9
What is 2 (base 13) in base 11?
2
Convert -e (base 16) to base 4.
-32
-1 (base 2) to base 15
-1
341 (base 6) to base 16
85
What is -145 (base 11) in base 7?
-332
Convert -3 (base 7) to base 6.
-3
2102 (base 3) to base 11
5a
-12 (base 6) to base 4
-20
What is -1 (base 15) in base 9?
-1
What is -2 (base 14) in base 16?
-2
102 (base 3) to base 2
1011
What is 16 (base 13) in base 12?
17
4 (base 15) to base 7
4
1 (base 4) to base 14
1
-3c (base 13) to base 3
-1220
Convert 2221 (base 3) to base 2.
1001111
Convert 10111000 (base 2) to base 3.
20211
0 (base 8) to base 10
0
1 (base 3) to base 14
1
What is -54 (base 7) in base 5?
-124
What is 1d (base 16) in base 2?
11101
What is -1 (base 7) in base 10?
-1
What is 10000 (base 2) in base 15?
11
What is 101 (base 5) in base 9?
28
Convert 43 (base 13) to base 8.
67
-10 (base 6) to base 9
-6
35 (base 16) to base 14
3b
-511 (base 6) to base 16
-bb
What is -5 (base 8) in base 6?
-5
Convert -1011 (base 3) to base 6.
-51
Convert 4 (base 5) to base 11.
4
Convert 121 (base 7) to base 13.
4c
Convert 0 (base 10) to base 3.
0
2 (base 10) to base 4
2
Convert -14 (base 10) to base 4.
-32
Convert -5 (base 6) to base 8.
-5
What is -2121 (base 3) in base 2?
-1000110
What is 17 (base 14) in base 6?
33
Convert -6 (base 8) to base 15.
-6
What is -330 (base 6) in base 3?
-11200
-298 (base 11) to base 10
-349
Convert 0 (base 9) to base 15.
0
What is 35 (base 8) in base 10?
29
-12 (base 5) to base 12
-7
Convert -10 (base 2) to base 11.
-2
-2 (base 4) to base 11
-2
Convert 1 (base 6) to base 8.
1
c2 (base 13) to base 15
a8
What is 3 (base 4) in base 3?
10
-1103 (base 5) to base 9
-180
What is -1 (base 12) in base 5?
-1
Convert 10 (base 11) to base 7.
14
Convert 2 (base 13) to base 3.
2
What is -1 (base 13) in base 10?
-1
What is -2 (base 7) in base 11?
-2
What is 3 (base 13) in base 12?
3
1001111 (base 2) to base 3
2221
What is 25 (base 14) in base 4?
201
Convert 2 (base 14) to base 7.
2
5 (base 8) to base 9
5
What is 9 (base 10) in base 5?
14
What is -159 (base 13) in base 10?
-243
Convert -3 (base 6) to base 10.
-3
a (base 16) to base 13
a
-12 (base 6) to base 11
-8
Convert 4 (base 7) to base 2.
100
What is -c4 (base 13) in base 12?
-114
What is 4 (base 6) in base 4?
10
3 (base 12) to base 16
3
What is 20 (base 4) in base 8?
10
Convert -54 (base 8) to base 11.
-40
-11 (base 8) to base 5
-14
What is -1010110 (base 2) in base 14?
-62
Convert 1001 (base 2) to base 6.
13
6 (base 10) to base 14
6
Convert -2 (base 10) to base 7.
-2
Convert -28 (base 9) to base 10.
-26
Convert 224 (base 7) to base 15.
7b
Convert 1100 (base 2) to base 9.
13
Convert -19 (base 10) to base 3.
-201
-7e (base 16) to base 10
-126
What is -48 (base 9) in base 7?
-62
17 (base 15) to base 3
211
-103 (base 7) to base 12
-44
15 (base 16) to base 11
1a
What is 6 (base 16) in base 13?
6
-57 (base 10) to base 7
-111
What is -20 (base 4) in base 3?
-22
What is -110 (base 2) in base 15?
-6
What is -10112 (base 3) in base 6?
-235
47 (base 10) to base 15
32
Convert -1333 (base 4) to base 6.
-331
11 (base 2) to base 4
3
Convert 8 (base 12) to base 9.
8
1 (base 15) to base 12
1
Convert 1 (base 2) to base 16.
1
What is 14 (base 16) in base 3?
202
27 (base 10) to base 7
36
Convert 16 (base 7) to base 11.
12
-1223 (base 4) to base 13
-83
Convert 3 (base 5) to base 13.
3
What is 40 (base 7) in base 3?
1001
Convert 5 (base 14) to base 16.
5
6 (base 15) to base 16
6
What is 4 (base 5) in base 14?
4
-1042 (base 6) to base 13
-158
What is 1 (base 7) in base 11?
1
Convert -2 (base 3) to base 9.
-2
What is 0 (base 3) in base 4?
0
What is 21 (base 7) in base 9?
16
-111011 (base 2) to base 15
-3e
-d8 (base 16) to base 2
-11011000
Convert 10 (base 9) to base 4.
21
What is 15 (base 8) in base 15?
d
11 (base 5) to base 4
12
-10 (base 2) to base 12
-2
Convert 62 (base 8) to base 15.
35
Convert -26 (base 7) to base 12.
-18
Convert -6 (base 10) to base 6.
-10
What is 145 (base 14) in base 9?
315
Convert -3 (base 15) to base 2.
-11
What is -b7 (base 14) in base 11?
-137
Convert -2 (base 16) to base 11.
-2
-36 (base 10) to base 5
-121
Convert 3 (base 8) to base 13.
3
Convert -21 (base 12) to base 14.
-1b
Convert -27 (base 14) to base 3.
-1022
What is 9 (base 16) in base 9?
10
Convert e (base 15) to base 13.
11
Convert -1110 (base 3) to base 9.
-43
What is 10 (base 3) in base 6?
3
Convert 3 (base 13) to base 3.
10
Convert 35 (base 6) to base 14.
19
What is -d6 (base 14) in base 3?
-20222
2 (base 9) to base 10
2
Convert -21 (base 4) to base 12.
-9
-4c (base 15) to base 16
-48
Convert 11 (base 9) to base 13.
a
What is 14 (base 5) in base 2?
1001
6 (base 14) to base 9
6
Convert 411 (base 5) to base 7.
211
What is -12 (base 6) in base 14?
-8
2a (base 11) to base 16
20
What is 5 (base 8) in base 4?
11
What is 51 (base 14) in base 12?
5b
110 (base 3) to base 2
1100
What is a (base 11) in base 3?
101
Convert -11 (base 2) to base 16.
-3
50 (base 6) to base 15
20
-130 (base 4) to base 12
-24
What is -1212 (base 3) in base 13?
-3b
What is 8 (base 10) in base 3?
22
Convert -34 (base 8) to base 11.
-26
What is -120 (base 3) in base 9?
-16
1111 (base 4) to base 9
104
-58 (base 15) to base 12
-6b
Convert -222 (base 3) to base 9.
-28
What is -a (base 15) in base 16?
-a
What is -14 (base 6) in base 16?
-a
Convert 25 (base 7) to base 10.
19
Convert -15 (base 7) to base 10.
-12
22 (base 6) to base 8
16
0 (base 15) to base 5
0
Convert -2 (base 14) to base 3.
-2
What is -d2 (base 14) in base 13?
-112
Convert 33 (base 11) to base 15.
26
What is -50 (base 13) in base 12?
-55
Convert 83 (base 9) to base 3.
2210
What is 1 (base 7) in base 11?
1
Convert 20202 (base 3) to base 5.
1212
What is 2c 